). Let n be (-3 - y)/((-4)/(-62)). Let d = -17 + n. Calculate the remainder when 26 is divided by d.
12
Let w(v) = -4*v - 16. What is the remainder when 25 is divided by w(-6)?
1
Suppose u - 5*h = -3*u + 45, 4*h = 2*u - 30. Let i = 12 - 3. What is the remainder when i is divided by u?
4
Let m(o) = -o + 4. Let a be m(8). Let b = a - -3. What is the remainder when (18/15)/(b/(-55)) is divided by 17?
15
Let h(i) = i + 26. Let n = 72 - 48. What is the remainder when n is divided by h(-13)?
11
Let h(x) = 17*x**2 + x + 1. Let j be h(-1). Let k = 25 - j. Calculate the remainder when k is divided by 5.
3
Suppose 3*j - z = 10, -3*j + 2 = 3*z - 4. Suppose 0*o + 117 = j*o. Let a = 14 - -6. Calculate the remainder when o is divided by a.
19
Let j(n) = 4*n - 2. Suppose 6 = 3*a - 3. Let i(r) = -r**3 + 4*r**2 - r - 4. Let d be i(a). Calculate the remainder when 23 is divided by j(d).
5
Suppose h + 0*h + 6 = 0. Let v(n) = 2*n**2 + 7*n - 5*n + 7*n. Calculate the remainder when 35 is divided by v(h).
17
Let f(u) = -u**2 - 11*u - 2. Let y be f(-11). Calculate the remainder when 33 is divided by 6/(y/(-1)) + 9.
9
Let h(a) = a**3 + 6*a**2 + 2*a + 1. Let s = 33 - 20. What is the remainder when h(-4) is divided by s?
12
Suppose -5*z + 2*z + 6 = 0. Suppose 10 = z*v - 0. Suppose 7 = -3*n - f + 37, 3*n - 12 = v*f. Calculate the remainder when n is divided by 3.
0
Let s = -43 + 122. Let r = 45 - s. Let o = -21 - r. What is the remainder when o is divided by 4?
1
Let y = 9 + -7. Suppose -f = 4*f - 25. Suppose -5*i + 6*i = -k + y, f*k + 38 = 3*i. What is the remainder when 22 is divided by i?
4
Let g(p) be the third derivative of -7*p**4/24 - p**3/2 + 2*p**2. Let t be g(-3). Let u = t - 5. What is the remainder when u is divided by 7?
6
Let v be ((-7)/21)/(1/(-27)). Let n(l) = -l**3 + 9*l**2 + 13. Suppose 2*d - 85 = 3*z, -z = d - 6*d + 193. Calculate the remainder when d is divided by n(v).
12
Let s(i) = i + 18. Let g be s(-13). Suppose -26 = 4*q - g*q. Let d(l) = -8*l**3 + l**2 + l + 1. Calculate the remainder when q is divided by d(-1).
8
Let k(p) = p**3 + 6*p**2 - 5*p + 4. What is the remainder when k(-5) is divided by 19?
16
Let a = 11 - 21. Let v = 37 + a. Calculate the remainder when v is divided by 14.
13
Suppose -3*v + 5*v - 249 = -3*b, 3*v + 9 = 0. Calculate the remainder when b is divided by 22.
19
Let c(u) = u + 1. Let x be c(-3). Let t = 5 + x. Suppose 0 = -h + t*p + 12, -3*p = 2*h - 5*p - 32. What is the remainder when 35 is divided by h?
17
Let z(x) = -x**3 + 2*x**2 - 2*x - 2. Let r(n) = -4*n**3 + 9*n**2 - 8*n - 9. Let y(w) = 2*r(w) - 9*z(w). What is the remainder when y(3) is divided by 17?
16
Let f be (-1 + 2)/(1/(-10)). Calculate the remainder when 107/2 - (-5)/f is divided by 18.
17
Let z(b) = -b**3 + 12*b**2 + 12*b - 3. Let t be z(13). Let c = -10 - t. Calculate the remainder when 16 is divided by c.
4
Suppose -3*l + 6*l - 30 = 0. Calculate the remainder when 36 is divided by l.
6
Let j(o) = o**2 + 6*o + 4. Let n be j(-6). Suppose k - n*s + 6 = 0, -k - s + 3 = -1. Calculate the remainder when 7 is divided by k.
1
Suppose f + 15 = -2*f. Let k = -7 - f. What is the remainder when 24 is divided by 34/4 + (-1)/k?
6
Suppose 0*a + 4*d = -a + 23, -d + 1 = 0. What is the remainder when 37 is divided by a?
18
Let p = -45 + 57. What is the remainder when 20 is divided by p?
8
Suppose k - 5 = -3*m - 3*k, -3*m - 3*k = -6. What is the remainder when m is divided by 3?
0
What is the remainder when 89 is divided by (9*2/3)/((-3)/(-5))?
9
Suppose -3*c = -c - 16. Let a = 17 - c. Calculate the remainder when 35 is divided by a.
8
Suppose 4*a - 5*a = -9. Calculate the remainder when 25 is divided by a.
7
Let x(c) = c**3 - 10*c**2 - c + 13. Let s be x(10). Let m = s + 16. Let l = 130 - 93. What is the remainder when l is divided by m?
18
Let r(p) = 10*p - 6*p**2 + p**3 + 4 - 10 - 4*p. Calculate the remainder when r(6) is divided by 11.
8
Let i(g) = -2*g + 3*g + 3*g - 4 - g. Calculate the remainder when i(5) is divided by 4.
3
Let u = -73 + 156. Calculate the remainder when u is divided by 42.
41
Let d(u) = u**2 + 8*u + 3. Let x be -2*((-33)/(-6) + -2). Let q be d(x). Let t = q + 8. Calculate the remainder when 7 is divided by t.
3
Let k be 1/((0 + 3)/3). What is the remainder when 41 is divided by 22/2 + 2 + k?
13
Suppose -x + 1 = -2. Let v(b) = b - 2. Let z be v(x). Let a = z + 14. What is the remainder when a is divided by 8?
7
Suppose 0 = -5*q + 8*q - 36. Calculate the remainder when 26 is divided by q - ((0 - 3) + 6).
8
Let v = 0 - -3. Suppose -2*x = v*x - 30. Suppose -x*d + 8 = -2*d. What is the remainder when 5 is divided by d?
1
Let u = 5 + -3. Let h = u - -9. What is the remainder when 20 is divided by h?
9
Let c be (1 - 2 - -2)*2. Calculate the remainder when 2 - ((-38)/c + -2) is divided by 12.
11
Calculate the remainder when 3/5*5 + 40 is divided by 23.
20
Suppose 4*l = 2*l + 82. Calculate the remainder when l is divided by 11.
8
What is the remainder when (-2 - 1)*(-212)/6 is divided by 27?
25
Suppose -68 = -5*r + r. Calculate the remainder when 62 is divided by r.
11
Let d = 57 - 47. Calculate the remainder when d is divided by 7.
3
Suppose -2*x + 90 = -2*t, 0*t = -2*t - 10. Calculate the remainder when 155 is divided by x.
35
Suppose 4*n + 14 = b + 6*n, 2*n = -4*b + 26. Let i be (-30)/2*6/(-10). Calculate the remainder when b is divided by (13/39)/(1/i).
1
Calculate the remainder when 21 is divided by 130/(-35) + 4 + 40/7.
3
Suppose 3*g - 5 - 7 = 0. Suppose g*o - 20 = -0*o. Calculate the remainder when 13 is divided by o.
3
Let q be ((-9)/(-6))/(4/24). Suppose -3*c + 3 = -q. Calculate the remainder when 15 is divided by c.
3
Suppose -3*z + 46 = u, -2*u = -5*z - 0*u + 62. Suppose -3*j = 2 - 14. What is the remainder when j/10 + (-384)/(-15) is divided by z?
12
Let r(p) = 5*p - 4. Suppose 0 = -o + 12 + 49. What is the remainder when o is divided by r(4)?
13
Suppose -412 = -5*p - 37. Suppose -5*y + 4*t + p = 0, 70 = 4*y - 4*t + 10. Calculate the remainder when y is divided by 4.
3
Suppose -c + 7 = 1. Let v(a) = -a**3 + 10*a**2 + 12*a - 1. Calculate the remainder when v(11) is divided by c.
4
Let s(p) = 7*p - 4. Calculate the remainder when 150 is divided by s(6).
36
Let o = 25 + -61. Let a be 2/(-8) + 1089/(-12). Let v = o - a. Calculate the remainder when v is divided by 19.
17
Suppose -2*b + 0*b + 48 = -4*l, -l = -2. What is the remainder when b is divided by 16?
12
Let z = -8 - -6. Suppose -3*y - 60 = -8*y. What is the remainder when (-2)/((-8)/(-46))*z is divided by y?
11
Suppose -k + 14 = 5*d + k, -k - 3 = 0. Let o = 4 + 1. Suppose -p + o + 1 = 0. What is the remainder when p is divided by d?
2
Suppose 0 = x - 3*u - 17, -5*x + 2*u + 59 = 13. Calculate the remainder when 199 is divided by x.
7
Let b(f) = f**3 + 8*f**2 + 5. What is the remainder when b(-7) is divided by 19?
16
Let a be 1*(0 + -2)*-7. Let b = a + 8. Calculate the remainder when 64 is divided by b.
20
Let o = 1219 + -658. What is the remainder when 59 - ((-12)/3 - -2) is divided by o/27 - 4/(-18)?
19
Calculate the remainder when 315/25 - 4/(-10) is divided by 5.
3
Let p = -14 - -40. Let g = -14 + p. What is the remainder when 46 is divided by g?
10
Let d(x) = 16*x + 4. What is the remainder when d(7) is divided by 40?
36
Calculate the remainder when 42 - -8*2/4 is divided by 24.
22
Suppose -16 = -3*t + 17. Let l = 152 - 122. Calculate the remainder when l is divided by t.
8
Suppose -3*y + 115 = l, -6*y + 2*y = 3*l - 155. Calculate the remainder when y is divided by 20.
18
Let c(a) = 6*a - 42. What is the remainder when c(14) is divided by 15?
12
Let t = 0 - -3. Let g(b) = b**3 - b**2 - 4*b + 1. Let i(h) = 8*h - 4. Calculate the remainder when i(3) is divided by g(t).
6
Let t = 29 + -19. Suppose p - 3*i = -2*p + 63, -4*i = -p + 30. Calculate the remainder when p is divided by t.
8
Let g = -5 - -9. Let w = 35 + -17. Calculate the remainder when ((-6)/g)/(6/(-208)) is divided by w.
16
Let j = 11 + -8. Suppose 0 = j*n - 51 - 6. Calculate the remainder when 54 is divided by n.
16
Suppose -3 - 23 = -2*n - 3*y, 2*n = y + 10. What is the remainder when 40 is divided by n?
5
Suppose -2*u = -99 + 27. Suppose 5*l - 15 = 0, -2*q + 2*l + l = -215. Suppose -5*o - 17 + q = 0. Calculate the remainder when